{"id":214,"date":"2020-03-24T12:30:20","date_gmt":"2020-03-24T11:30:20","guid":{"rendered":"https:\/\/ecolojetable.com\/?page_id=214"},"modified":"2021-05-15T17:55:31","modified_gmt":"2021-05-15T15:55:31","slug":"accueil","status":"publish","type":"page","link":"https:\/\/ecolojetable.com\/","title":{"rendered":""},"content":{"rendered":"\n<h2 class=\"has-very-dark-gray-color has-text-color\">Vaisselle Jetable 100% BIO<\/h2>\n\n\n\n<p class=\"has-medium-font-size\">Commandez d\u00e8s \u00e0 pr\u00e9sent votre vaisselle <strong>jetable <\/strong>dans les diff\u00e9rentes mati\u00e8res <strong>\u00e9cologiques <\/strong>et vous participerez \u00e0 la pr\u00e9servation de l&rsquo;environnement!<\/p>\n\n\n\n<p class=\"has-medium-font-size\"><em><strong>EcoloJetable<\/strong><\/em> s&rsquo;engage \u00e0 vous fournir des produits de qualit\u00e9 fabriqu\u00e9s dans des mat\u00e9riaux&nbsp;<strong>biod\u00e9gradable<\/strong>s&nbsp;et&nbsp;<strong>compostables<\/strong>.  Une vaisselle jetable \u00e9cologique en&nbsp;<strong>BOIS<\/strong>,&nbsp;<strong>CRAFT<\/strong>,&nbsp;<strong>PLA<\/strong>,&nbsp;<strong>CPLA<\/strong>, <strong>PULPE<\/strong>,&nbsp;<strong>CARTON<\/strong>,&nbsp;<strong>FIBRE VEGETALE<\/strong>.<\/p>\n\n\n\n<div class=\"wp-block-group\"><div class=\"wp-block-group__inner-container\">\n<p><\/p>\n<\/div><\/div>\n\n\n\n<div class=\"wp-block-buttons is-content-justification-center\">\n<div class=\"wp-block-button has-custom-width wp-block-button__width-25 is-style-fill\"><a class=\"wp-block-button__link has-background\" href=\"#ancre\" style=\"border-radius:4px;background-color:#81d742\">En savoir plus<\/a><\/div>\n<\/div>\n\n\n\n<p><\/p>\n","protected":false},"excerpt":{"rendered":"<p>Vaisselle Jetable 100% BIO Commandez d\u00e8s \u00e0 pr\u00e9sent votre vaisselle jetable dans les diff\u00e9rentes mati\u00e8res \u00e9cologiques et vous participerez \u00e0 la pr\u00e9servation de l&rsquo;environnement! EcoloJetable s&rsquo;engage \u00e0 vous fournir des produits de qualit\u00e9 fabriqu\u00e9s dans des mat\u00e9riaux&nbsp;biod\u00e9gradables&nbsp;et&nbsp;compostables. Une vaisselle jetable \u00e9cologique en&nbsp;BOIS,&nbsp;CRAFT,&nbsp;PLA,&nbsp;CPLA, PULPE,&nbsp;CARTON,&nbsp;FIBRE VEGETALE.<\/p>\n","protected":false},"author":1,"featured_media":416,"parent":0,"menu_order":0,"comment_status":"closed","ping_status":"closed","template":"tpl-page-homepage.php","meta":{"spay_email":""},"_links":{"self":[{"href":"https:\/\/ecolojetable.com\/index.php\/wp-json\/wp\/v2\/pages\/214"}],"collection":[{"href":"https:\/\/ecolojetable.com\/index.php\/wp-json\/wp\/v2\/pages"}],"about":[{"href":"https:\/\/ecolojetable.com\/index.php\/wp-json\/wp\/v2\/types\/page"}],"author":[{"embeddable":true,"href":"https:\/\/ecolojetable.com\/index.php\/wp-json\/wp\/v2\/users\/1"}],"replies":[{"embeddable":true,"href":"https:\/\/ecolojetable.com\/index.php\/wp-json\/wp\/v2\/comments?post=214"}],"version-history":[{"count":22,"href":"https:\/\/ecolojetable.com\/index.php\/wp-json\/wp\/v2\/pages\/214\/revisions"}],"predecessor-version":[{"id":1942,"href":"https:\/\/ecolojetable.com\/index.php\/wp-json\/wp\/v2\/pages\/214\/revisions\/1942"}],"wp:featuredmedia":[{"embeddable":true,"href":"https:\/\/ecolojetable.com\/index.php\/wp-json\/wp\/v2\/media\/416"}],"wp:attachment":[{"href":"https:\/\/ecolojetable.com\/index.php\/wp-json\/wp\/v2\/media?parent=214"}],"curies":[{"name":"wp","href":"https:\/\/api.w.org\/{rel}","templated":true}]}}